t the prime factors of b(m).
2, 31
Let s be (-3 - -4)*(42 - 2 - -1). Suppose 0 = 2*r - s + 45. List the prime factors of (6*r/16)/(1/(-112)).
2, 3, 7
Let h(z) = -z**3 + 51*z**2 - 53*z - 56. What are the prime factors of h(27)?
7, 2287
Let a = 7281 + 7534. What are the prime factors of a?
5, 2963
Suppose 5*k + l = -132, 15*l - 14*l + 24 = -k. List the prime factors of (-9)/k + 10556/12.
2, 5, 11
Let q = 42908 + -2780. Suppose -45*g = -20667 - q. List the prime factors of g.
7, 193
Let k be 1345*-5*4/50. Let u = 253 - k. What are the prime factors of u?
7, 113
Let v(d) = 90*d - 219*d - 222*d + 2 - 1 - 252*d. What are the prime factors of v(-1)?
2, 151
Let y(o) = 555*o - 9440. List the prime factors of y(99).
5, 19, 479
Let i = -334 + 413. Let h = -42 + i. What are the prime factors of h?
37
Suppose 2*y + 31 = 3*v + 6*y, -5*v - y + 29 = 0. Let l(g) = 5*g**2 - 8*g + 7. List the prime factors of l(v).
2, 23
Suppose 0 = -4*q + 16, 3*q - 51716 = -14*c + 10*c. Suppose 9*w = -14*w + c. What are the prime factors of w?
2, 281
Let g(c) = 40*c**2 + 24*c - 103. What are the prime factors of g(-9)?
23, 127
Suppose 25*f = 30*f - 5*t - 163220, 3*t = -3*f + 97962. List the prime factors of f.
3, 10883
Suppose 97 - 136 = -3*l. Suppose -l = 2*i - 7. What are the prime factors of -5 + -3*202/i?
197
Let y(s) be the second derivative of -s**3/2 + 2*s**2 + 10*s. Let u be y(2). What are the prime factors of ((-16)/12)/(u/96)?
2
Suppose -1294*p - 13155 = -1298*p - s, -4*s - 20 = 0. What are the prime factors of p?
2, 5, 7, 47
Let q = 0 - 2. Let h be 15/9*(-708)/(-295). What are the prime factors of (-195)/(2/h + q)?
2, 5, 13
Suppose -9 = 12*s + 63. Let f(q) = q**3 + 6*q**2 - 5*q + 9. Let v be f(s). Suppose v*i - 36*i - 597 = 0. What are the prime factors of i?
199
Let i(x) = -x**2 + 13*x + 4. Let s be i(12). Suppose 56 = o + 4*n - s, 5*n = -o + 69. List the prime factors of o.
2, 3, 7
Suppose 192*s - 105*s = -212779 + 5187787. List the prime factors of s.
2, 1787
Let t(u) = -u**2 - 10*u - 24. Let b be t(-5). Let s be (-36)/10*(-25)/15*b. Suppose 4*j - s*j + 312 = i, -4*j - 5*i + 618 = 0. List the prime factors of j.
157
Let x(s) = -2840*s**3 - 2*s**2 + s + 5. List the prime factors of x(-1).
2, 7, 29
Let n(c) = -45*c + 29. Let k(x) = 8*x. Let l(j) = 6*k(j) + n(j). Suppose z - 15 = -2*g + 9, -2*z - 48 = -4*g. What are the prime factors of l(g)?
5, 13
Let n(f) = 2*f**2 - 7*f - 80. Let b be n(-5). Suppose -4*h + 3028 = -2*g, 420 = -3*h + b*g + 2691. What are the prime factors of h?
757
What are the prime factors of ((-6)/(-15))/(7 - 188490/26925)*-26?
2, 13, 359
Let o = -43 - -50. Suppose -3*f + 1390 = 2*v, -o*f + 1852 = -3*f + 4*v. Suppose 4*y + 136 = f. List the prime factors of y.
2, 41
Suppose 24182 = 4*w - 3*a - 104059, 0 = 3*w + 2*a - 96168. List the prime factors of w.
2, 3, 13, 137
Let p(t) = 3*t**3 - 8*t**2 + 6*t. Let h be 5*(0/(-1) + 0 + 1). What are the prime factors of p(h)?
5, 41
What are the prime factors of (-84)/(-224) - 177972/(-32)?
2, 3, 103
Suppose -9*h - 13836 + 3909 = -145746. What are the prime factors of h?
15091
Let u = 644 + -476. Let x = 713 + u. What are the prime factors of x?
881
Suppose 64*t - 245*t = -11993 - 19501. List the prime factors of t.
2, 3, 29
Let c = 6625 + 13929. What are the prime factors of c?
2, 43, 239
Let x = -4 + 2. Let j(y) = 1 + 32*y**2 + 19*y**2 - 55*y**2 + 3*y + 27*y**2 - 3. What are the prime factors of j(x)?
2, 3, 7
Suppose 502 - 2574 = -2*o + 5*i, -o = i - 1050. Suppose 4*q = 2*d - o, 3*q + 1042 = -16*d + 18*d. List the prime factors of d.
5, 103
Suppose -14*y = -30735 - 19987. List the prime factors of y.
3623
Let h(k) = k + 693. Suppose 15*d - 28*d = 0. What are the prime factors of h(d)?
3, 7, 11
Let o be -3 + 1 - (1/(-1) - -1405). What are the prime factors of 2/4*(-10 - o)?
2, 349
What are the prime factors of (-950248)/(-130)*(-30)/(-12)?
2, 9137
Suppose -123304 = -2*a + z, 27*z - 123316 = -2*a + 25*z. What are the prime factors of a?
2, 29, 1063
Let w(p) = p**3 + 7*p**2 + 7*p - 2. Let m be w(-4). Let h(q) = 8*q - 3*q + m*q - 3 + 8. List the prime factors of h(3).
2, 37
List the prime factors of 6/2*147564/108.
4099
Suppose 3*f = 4*d + 2321, -2*f + 2*d = 4*d - 1552. Suppose -4*z - z + f = 0. Suppose 3*a - 402 = -5*l + z, 5*a = -2*l + 903. What are the prime factors of a?
179
What are the prime factors of 2745464/460 - 24/(-15)?
2, 3, 5, 199
Let k = 57 - 132. Let y = -107 - k. Let h = y + 193. List the prime factors of h.
7, 23
Suppose -3*k - 386 - 139 = 0. Let c be (21/k*-5)/((-2)/(-830)). Suppose -51 = 2*v - c. What are the prime factors of v?
3, 11
Let t(z) = 7*z**2 - 8*z - 27. Let v(n) = -3 + n + 15 - n + n. Let q be v(-16). What are the prime factors of t(q)?
3, 13
Let j = 238 + -318. What are the prime factors of (-12)/8*(-2 + j/12)?
13
Suppose 6765 = 2*h + 3*x, 0 = h + 4*x + 2147 - 5542. What are the prime factors of h?
3, 5
Suppose -4*o + 2*o - 5*g = -20, 0 = -3*o + 5*g + 55. Suppose 1017 = 4*c - r - 116, 3*r = -o. List the prime factors of c.
2, 3, 47
Suppose 0 = q + 4, 11916 = -4*p + 8*p + 4*q. Suppose 18*t = 10985 + p. List the prime factors of t.
2, 97
Suppose 25301 = 5*s + 5*h - 53729, -s - 5*h + 15798 = 0. List the prime factors of s.
2, 13, 19
Let o be 145 - ((-5)/(35/(-98)))/(2/1). Let w(n) = n**3 - 111. Let t be w(0). Let p = o + t. List the prime factors of p.
3
Suppose -16*o = -15*o + 3*f - 26, 2*o = -5*f + 48. Suppose i = -u + 328, -19*i = 2*u - o*i - 644. What are the prime factors of u?
2, 83
Let r be ((-4)/8)/(73829/12306 + -6). Let a = r - -88. What are the prime factors of a?
967
Let a = 6181 + -4409. Let s = a - 567. What are the prime factors of s?
5, 241
Suppose 92*r = 500125 + 285555. What are the prime factors of r?
2, 5, 7, 61
Let f = 18793 - 6223. What are the prime factors of f?
2, 3, 5, 419
Let a(t) = 7*t**2 - 54*t + 544. What are the prime factors of a(52)?
2, 2083
List the prime factors of (-67)/((-871)/(-78)) - 107040/(-3).
2, 17837
Let r be (3/6)/(-2 + 50/24). Suppose 0*z - r*z - 288 = 0. Let q = -8 - z. List the prime factors of q.
2, 5
Suppose -2*n - 234 - 6 = -2*a, 4*a - 3*n = 484. Let j = a + 212. List the prime factors of j.
2, 3, 7
Let v be (-64)/10 + (8 - 215/25). List the prime factors of 14/(-49)*v - -628.
2, 3, 5, 7
What are the prime factors of 16191 + (-6)/(90/255)?
2, 8087
Let o = 63 - -141. Suppose 24*n + o = 11988. List the prime factors of n.
491
Let c be 2/((-14)/49)*(-1 + 10). Let f = c + 15. List the prime factors of ((-738)/24)/(-1*(-9)/f).
2, 41
Suppose 4*h = 3*z + 18874, -22*h + 4719 = -21*h - z. List the prime factors of h.
53, 89
Let n(p) = 7*p + 10. Let j be n(-11). Let k = j + 72. List the prime factors of ((-180)/k)/(-2 + 0).
2, 3
Let q(v) be the first derivative of -v**4/4 - 7*v**3/3 - 2*v**2 - 13*v + 24. Let x be q(-7). Suppose -x = -5*s + 5, 2*k - s = 72. List the prime factors of k.
2, 19
Suppose f - 222 = -3*w, w + w - 2 = 0. Suppose -4*h - f = -7*h. Let c = 155 - h. What are the prime factors of c?
2, 41
Suppose 0 = 2*z - b - 4339, -2*b + 7932 = 5*z - 2929. List the prime factors of z.
13, 167
Suppose -5*p = -0*m + 4*m + 95, -5*p = -5. Let k be (-16)/(-20) + (-105)/m. Suppose -k*a + 54 + 726 = 0. List the prime factors of a.
2, 3, 13
Let g = -11 + 17. Suppose -m + 4*y = 17, 3*y - 3 = 2*m + g. What are the prime factors of 48/(-14)*21/(m + -6)?
2, 3
Let i = 111 + -148. Suppose -3*a + 2*d + 796 = -3*d, 5*a = -3*d + 1338. Let p = a + i. What are the prime factors of p?
2, 5, 23
What are the prime factors of ((-17034)/(-136))/((-1)/(-96))?
2, 3, 167
Suppose 2*a = -5*c + 48, -16*c + 15*c = 0. List the prime factors of 4/a + 23681/42.
2, 3, 47
Suppose 7*g - 3*g = 16. Suppose 0 = 2*d - 7*d - 20, -1164 = -5*c - g*d. List the prime factors of c.
2, 59
Let o(r) = -61*r + 46 + 122*r - 59*r. Let c be o(-10). Suppose 10 = 6*a - c. What are the prime factors of a?
2, 3
Let j = -14923 - -24893. List the prime factors of j.
2, 5, 997
Let n(d) = d**2 + 2*d - 15. Suppose -20 = 2*u + 4*j, -2*u - u - 46 = 2*j. List the prime factors of n(u).
3, 7, 13
List the prime factors of 2223/(-2)*21/((-441)/56) + -6.
2, 3, 17, 29
Suppose 3*k + 851 = x - 12, -4345 = -5*x + 5*k. What are the prime factors of x?
2, 109
Suppose 7452 = -5*c + 23687. What are the prime fa